{"id":23,"date":"2018-08-06T16:11:35","date_gmt":"2018-08-06T14:11:35","guid":{"rendered":"https:\/\/ferienhaus-eifeltraeume.de\/web\/?page_id=23"},"modified":"2018-08-17T17:24:14","modified_gmt":"2018-08-17T15:24:14","slug":"impressum","status":"publish","type":"page","link":"https:\/\/ferienhaus-eifeltraeume.de\/web\/impressum\/","title":{"rendered":"Impressum"},"content":{"rendered":"\n<table class=\"wp-block-table\"><tbody><tr><td>Verantwortlich f\u00fcr diese Webseite ist:<br\/><strong>Ferienhaus eifelTR\u00c4UME<\/strong><br\/>Inhaber: Fam. Schlederer<br\/>Auf dem B\u00fcchel<br\/>54574 Birresborn<br\/><br\/>E-Mail:<a href=\"http:\/\/%20info@ferienhaus-eifeltraeume.de\"> info@ferienhaus-eifeltraeume.de<\/a><br\/>Tel.: +49 6594 &#8211; 921324<br\/><br\/>Redakteur: Sabrina Schlederer<br\/><br\/>Steuernr.: folgt!<br\/><br\/>Haftungsbeschr\u00e4nkung<br\/>f\u00fcr eigene Inhalte Alle Inhalte unseres Internetauftritts wurden mit Sorgfalt und nach bestem Gewissen erstellt. Eine Gew\u00e4hr f\u00fcr die Aktualit\u00e4t, Vollst\u00e4ndigkeit und Richtigkeit s\u00e4mtlicher Seiten kann jedoch nicht \u00fcbernommen werden. Gem\u00e4\u00df \u00a7 7 Abs. 1 TMG sind wir als Dienstanbieter f\u00fcr eigene Inhalte auf diesen Seiten nach den allgemeinen Gesetzen verantwortlich, nach den \u00a7\u00a7 8 bis 10 TMG jedoch nicht verpflichtet, die \u00fcbermittelten oder gespeicherten fremden Informationen zu \u00fcberwachen. Eine umgehende Entfernung dieser Inhalte erfolgt ab dem Zeitpunkt der Kenntnis einer konkreten Rechtsverletzung und wir haften nicht vor dem Zeitpunkt der Kenntniserlangung.<br\/><br\/>Haftungsbeschr\u00e4nkung<br\/>f\u00fcr externe Links Unsere Webseite enth\u00e4lt sog. \u201eexterne Links\u201c (Verkn\u00fcpfungen zu Webseiten Dritter), auf deren Inhalt wir keinen Einfluss haben und f\u00fcr den wir aus diesem Grund keine Gew\u00e4hr \u00fcbernehmen. F\u00fcr die Inhalte und Richtigkeit der Informationen ist der jeweilige Informationsanbieter der verlinkten Webseite verantwortlich. Als die Verlinkung vorgenommen wurde, waren f\u00fcr uns keine Rechtsverst\u00f6\u00dfe erkennbar. Sollte uns eine Rechtsverletzung bekannt werden, wird der jeweilige Link umgehend von uns entfernt.<br\/><br\/>Urheberrecht<br\/>Die auf dieser Webseite ver\u00f6ffentlichten Inhalte und Werke unterliegen dem deutschen Urheberrecht. Jede Art der Vervielf\u00e4ltigung, Bearbeitung, Verbreitung und jede Art der Verwertung au\u00dferhalb der Grenzen des Urheberrechts bedarf der vorherigen schriftlichen Zustimmung des jeweiligen Urhebers bzw. Autors. <br\/><br\/>Datenschutz siehe separate Seite >> <a href=\"https:\/\/ferienhaus-eifeltraeume.de\/web\/datenschutzerklaerung\/\">Hier<\/a><br\/><br\/>Webdesign by: <br\/>Web &amp; PRINT Medienservice<br\/>Gerolsteiner Str. 3<br\/>54574 Birresborn<br\/>Tel.: 06594-921 39 48<br\/>Internet: <a href=\"http:\/\/www.webundprint.de\">www.webundprint.de<\/a><\/td><\/tr><\/tbody><\/table>\n","protected":false},"excerpt":{"rendered":"<p>Verantwortlich f\u00fcr diese Webseite ist:Ferienhaus eifelTR\u00c4UMEInhaber: Fam. SchledererAuf dem B\u00fcchel54574 Birresborn E-Mail: info@ferienhaus-eifeltraeume.deTel.: +49 6594 &#8211; 921324 Redakteur: Sabrina Schlederer Steuernr.: folgt! Haftungsbeschr\u00e4nkungf\u00fcr eigene Inhalte Alle Inhalte unseres Internetauftritts wurden mit Sorgfalt und nach bestem Gewissen erstellt. Eine Gew\u00e4hr f\u00fcr die Aktualit\u00e4t, Vollst\u00e4ndigkeit und Richtigkeit s\u00e4mtlicher Seiten kann jedoch nicht&#8230;<\/p>\n<p> <a class=\"continue-reading-link\" href=\"https:\/\/ferienhaus-eifeltraeume.de\/web\/impressum\/\"><span>Continue reading<\/span><i class=\"crycon-right-dir\"><\/i><\/a><\/p>\n","protected":false},"author":1,"featured_media":0,"parent":0,"menu_order":0,"comment_status":"closed","ping_status":"closed","template":"","meta":[],"_links":{"self":[{"href":"https:\/\/ferienhaus-eifeltraeume.de\/web\/wp-json\/wp\/v2\/pages\/23"}],"collection":[{"href":"https:\/\/ferienhaus-eifeltraeume.de\/web\/wp-json\/wp\/v2\/pages"}],"about":[{"href":"https:\/\/ferienhaus-eifeltraeume.de\/web\/wp-json\/wp\/v2\/types\/page"}],"author":[{"embeddable":true,"href":"https:\/\/ferienhaus-eifeltraeume.de\/web\/wp-json\/wp\/v2\/users\/1"}],"replies":[{"embeddable":true,"href":"https:\/\/ferienhaus-eifeltraeume.de\/web\/wp-json\/wp\/v2\/comments?post=23"}],"version-history":[{"count":3,"href":"https:\/\/ferienhaus-eifeltraeume.de\/web\/wp-json\/wp\/v2\/pages\/23\/revisions"}],"predecessor-version":[{"id":118,"href":"https:\/\/ferienhaus-eifeltraeume.de\/web\/wp-json\/wp\/v2\/pages\/23\/revisions\/118"}],"wp:attachment":[{"href":"https:\/\/ferienhaus-eifeltraeume.de\/web\/wp-json\/wp\/v2\/media?parent=23"}],"curies":[{"name":"wp","href":"https:\/\/api.w.org\/{rel}","templated":true}]}}